{"id":6734,"date":"2023-12-29T16:13:46","date_gmt":"2023-12-29T16:13:46","guid":{"rendered":"http:\/\/prattriatlo.com\/?post_type=product&#038;p=6734"},"modified":"2025-12-22T12:38:42","modified_gmt":"2025-12-22T12:38:42","slug":"inscripcio-duatlo-open-2024","status":"publish","type":"product","link":"https:\/\/inscripciones.prattriatlo.com\/?product=inscripcio-duatlo-open-2024","title":{"rendered":"Inscripci\u00f3 Duatl\u00f3 OPEN 2024"},"content":{"rendered":"<p>Inscripci\u00f3 Duatl\u00f3 OPEN 2024<\/p>\n<p><a href=\"http:\/\/prattriatlo.com\/wp-content\/uploads\/2023\/12\/REGLAMENT-XVII-DUATLO-DEL-PRAT-PER-EQUIPS-2024.pdf\">REGLAMENT XVII DUATL\u00d3 DEL PRAT PER EQUIPS &#8211; 2024<\/a><\/p>\n<p>Tracks<\/p>\n<style>\n    .maps_box {<br \/>\n        display: flex;<br \/>\n        flex-direction: column;<br \/>\n        align-items: center;<br \/>\n    }<br \/>\n    .maps_box a {<br \/>\n        margin-bottom: 20px;<br \/>\n    }<br \/>\n    .maps_box iframe {<br \/>\n        width: 100%;<br \/>\n        height: 440px;<br \/>\n    }<br \/>\n.maps_box p {<br \/>\nwidth: 100%;<br \/>\n}<br \/>\n<\/style>\n<div class=\"maps_box\">\n<h2>Carrera segmento 1<\/h2>\n<p><iframe src=\"http:\/\/app.prattriatlo.com\/track_gpx\/carrera_segment_1.html\"><\/iframe><\/p>\n<h2>Ciclismo<\/h2>\n<p><iframe src=\"http:\/\/app.prattriatlo.com\/track_gpx\/ciclismo.html\"><\/iframe><\/p>\n<h2>Carrera segmento 2<\/h2>\n<p><iframe src=\"http:\/\/app.prattriatlo.com\/track_gpx\/carrera_segment_2.html\"><\/iframe><\/p>\n<\/div>\n<p><\/p>","protected":false},"excerpt":{"rendered":"<h2><a href=\"http:\/\/prattriatlo.com\/wp-content\/uploads\/2023\/12\/REGLAMENT-XVII-DUATLO-DEL-PRAT-PER-EQUIPS-2024.pdf\">REGLAMENT XVII DUATL\u00d3 DEL PRAT PER EQUIPS &#8211; 2024<\/a><\/h2>\n<h2>Tancament d&#8217;inscripcions el dia 01\/02\/2024 a les 22.00<\/h2>\n<p>Instruccions per fer la teva inscripci\u00f3<br \/>\n&#8212;&#8212;&#8212;&#8212;&#8212;&#8212;&#8212;&#8212;&#8212;&#8212;&#8212;&#8212;&#8212;&#8211;<\/p>\n<p>0) Tots el competidors han de tenir mes de 16 anys<br \/>\n1er) Anar a Inscripcions<br \/>\n2on) Clicar &#8220;AFEGIR A LA CISTELLA&#8221;<br \/>\n3er) Clicar &#8220;ANAR A CAIXA&#8221;<br \/>\n4art) Completar amb les dades de la persona titular de la tarjeta amb la que es pagar\u00e1 i &#8220;REALITZAR COMANDA&#8221;<br \/>\n5e) IMPORTANT!!! Apuntar el n\u00famero de comanda. Clicar &#8220;PAGAR AMB TARGETA&#8221; i fer el pagament<br \/>\n6e) Si el pagament s&#8217;ha fet correctament apareixerar el formulari d&#8217;inscripci\u00f3<br \/>\n7e) Completar el formulari amb les dades de l&#8217;equip i enviar<br \/>\n8\u00ba) Disfrutar d&#8217;una super competici\u00f3!!!<\/p>\n","protected":false},"featured_media":6741,"template":"","meta":[],"_links":{"self":[{"href":"https:\/\/inscripciones.prattriatlo.com\/index.php?rest_route=\/wp\/v2\/product\/6734"}],"collection":[{"href":"https:\/\/inscripciones.prattriatlo.com\/index.php?rest_route=\/wp\/v2\/product"}],"about":[{"href":"https:\/\/inscripciones.prattriatlo.com\/index.php?rest_route=\/wp\/v2\/types\/product"}],"wp:featuredmedia":[{"embeddable":true,"href":"https:\/\/inscripciones.prattriatlo.com\/index.php?rest_route=\/wp\/v2\/media\/6741"}],"wp:attachment":[{"href":"https:\/\/inscripciones.prattriatlo.com\/index.php?rest_route=%2Fwp%2Fv2%2Fmedia&parent=6734"}],"curies":[{"name":"wp","href":"https:\/\/api.w.org\/{rel}","templated":true}]}}